 3*u = 1913. Calculate the greatest common factor of 175 and q.
35
Suppose -46*g - 1235 = -59*g. What is the highest common factor of 19 and g?
19
Let p(h) = -12*h + 1. Let c be p(-1). Suppose 0 = -10*v + c*v - 489. Suppose -4*f + 29 + v = 0. Calculate the greatest common factor of f and 12.
12
Let r = -437 - -581. What is the highest common factor of 32 and r?
16
Suppose -2*q = b + 2, -4*q - 31 = q - 4*b. Let t be (3 - (1 - 0)) + 6 - q. What is the greatest common factor of t and 11?
11
Suppose 853 = 7*c - 29. Let p(b) = -b**2 - 2*b + 5. Let a be p(-4). Let u be 44/3 - (-2)/a. Calculate the greatest common factor of u and c.
14
Suppose 0*k - k + 69 = 0. What is the greatest common divisor of k and 828?
69
Suppose -4*a + 8 = -24. Suppose 5*l + 2*g - a = 2*l, -8 = -2*g. Suppose 3*y + 117 = 4*h, -y + 1 = -l. What is the highest common divisor of 75 and h?
15
Suppose -81 = 15*l - 1161. Calculate the highest common divisor of 8 and l.
8
Let d = 382 + -317. What is the highest common divisor of 286 and d?
13
Suppose 2*s = 2*o, -s - 12 = 5*o - 3*s. Let c be (-2)/o - 6/(-4). Let g(z) = -z**2 - 7*z + 48. Let j be g(4). What is the highest common divisor of c and j?
2
Suppose 0 = 5*o + 3*q - 571 - 312, 4*q = 4. Calculate the greatest common divisor of o and 16.
16
Suppose -12*c - 8 = -3848. What is the highest common factor of 64 and c?
64
Suppose -3*d = -5*o + 19, d + 1 - 4 = -3*o. Let k(s) = 4*s - 9. Let m be k(4). Let r = m - o. What is the highest common factor of 2 and r?
1
Let c be -4 + 14*33 + (-2)/(-2). Calculate the greatest common divisor of 51 and c.
51
Let x(m) = m**2 + 9*m - 25. Let j be x(-12). Suppose -3*y = -87 - 12. Calculate the highest common factor of y and j.
11
Suppose -5*d - 2 = 13, -5*z - 2*d + 4 = 0. Let k be z - (-26 - 8/4). Let c be (0 + 2)/(4/k). Calculate the greatest common factor of c and 5.
5
Suppose 3*a - 2 + 5 = 0. Let z(b) = -27*b - 3. Let c be z(a). Calculate the greatest common divisor of c and 60.
12
Suppose -5*m - 5*l = -4*l - 772, -3*m + 5*l = -452. Calculate the greatest common factor of 176 and m.
22
Suppose 4*z = 0, z = -2*l + 2*z + 4. Let h = l + 2. Let v be (-30)/h*(1 + -3). What is the greatest common factor of 30 and v?
15
Let t(v) = -6*v. Let z be t(1). Let c(m) = m**3 + 6*m**2 - 2. Let x be c(z). Let s be (-17)/x + (-7)/(-14). Calculate the highest common factor of s and 1.
1
Let d(o) = -9*o**3 - o**2 + o + 6. Let g be d(-2). Suppose 8*i - g - 488 = 0. Let q be (-20)/12*-3*2. What is the greatest common factor of i and q?
10
Suppose -71 = -3*k + 7*l - 2*l, 2*k - 39 = 5*l. What is the greatest common divisor of k and 352?
32
Let l be ((-2)/(-4))/(1/(-148)). Let h = 137 + l. Let n = 102 - 60. What is the highest common divisor of h and n?
21
Let c be 27/12*(-8)/(-3). Let t = -185 - -267. Let v = 136 - t. Calculate the greatest common factor of v and c.
6
Let i = 14 - -6. Let q be -2 - i*(-2 - -1). Calculate the highest common factor of q and 198.
18
Suppose -2*b + b = -3*o - 117, -4*b + 418 = -2*o. What is the greatest common divisor of b and 6?
6
Suppose 0*c = -4*u - 3*c - 2, c + 2 = 0. Let q be -17*1/(u/(-2)). What is the greatest common divisor of 34 and q?
34
Let h = 3 + 6. Suppose 93 = 2*z - q, -3*z = -4*z - 3*q + 43. Let f = z - 40. What is the highest common factor of h and f?
3
Suppose 5*p + 892 = 4*c, -5*c - 19*p + 1144 = -18*p. What is the greatest common divisor of c and 76?
76
Let c(z) = 2*z. Let i be c(6). Suppose 79*y - 76*y - i = 0. Calculate the highest common divisor of 24 and y.
4
Let b = 457 + -442. Calculate the greatest common factor of 6 and b.
3
Suppose 5*l - 281 = -3*i, 4*i - 6*i - 4*l + 186 = 0. Suppose -5*a + i = -98. Calculate the highest common divisor of 13 and a.
13
Let o(n) = n + 5. Let s(r) = 2*r - 10. Let y be s(7). Let u be o(y). What is the greatest common factor of u and 27?
9
Let l(r) = -2*r. Let z be l(4). Let u(p) = p + 5. Let a be u(z). Let d be (a - -1) + 7 + 0. Calculate the greatest common divisor of d and 20.
5
Suppose 12 - 2 = a. Let c(g) = g**3 - g**2 - g + 25. Let h be c(0). Calculate the greatest common factor of h and a.
5
Suppose -4*q + 0*q + 16 = 4*o, -5*q + 3*o = 4. Let j be 3*-1 - (q - 7). Suppose 0 = -8*v - 21 + 189. What is the highest common factor of j and v?
3
Suppose 0 = 4*j - 5*j + 205. Let m be (-451)/((-11)/(-1))*-1. Calculate the highest common divisor of j and m.
41
Suppose -y = -3*v - 59, -y + 14*v + 49 = 13*v. Calculate the greatest common factor of y and 143.
11
Let h = 278 + -259. Calculate the highest common factor of 8 and h.
1
Suppose b - 2*b = -8. Let w = -384 - -392. Calculate the greatest common factor of b and w.
8
Suppose 4*z - 8 = 0, -3*q - 75 + 339 = -3*z. What is the highest common divisor of q and 80?
10
Let j = -11 - -20. Let b = j - 2. Suppose 5*s - 13 = b. What is the greatest common factor of 6 and s?
2
Let h = 12 + -264. Let m be h/(-70) - (-4)/10. Suppose m*l - 5*l = -126. Calculate the highest common divisor of l and 18.
18
Suppose 5*l - 564 = -17*h + 16*h, h - 3*l - 540 = 0. What is the greatest common divisor of 3 and h?
3
Let b(n) = -3*n - 3. Let i be b(-4). Let c(v) = -v**3 - 11*v**2 - 16*v - 33. Let f be c(-10). What is the greatest common divisor of i and f?
9
Let u = -118 + 60. Let f = u - -72. What is the greatest common divisor of f and 70?
14
Let l = -224 - -445. Calculate the highest common factor of 17 and l.
17
Let n be (2/(-14))/(27/(-189)). What is the highest common divisor of n and 23?
1
Suppose r - 5*k - 639 + 149 = 0, 4*k = -5*r + 2508. Suppose -r = a - 6*a. Let u(d) = 11*d + 7. Let s be u(3). Calculate the greatest common factor of a and s.
20
Let d be -4 + 6/3 + 26. Let g = d + -26. Let p be -2 + (72 - -2) + g. What is the greatest common divisor of 28 and p?
14
Let q = 937 - 929. Calculate the highest common factor of q and 108.
4
Let l(i) = i**3 - 23*i**2 + 75*i + 46. Let u be l(19). Let k(w) = 7*w**3 - 4*w**2 + 3*w - 1. Let t be k(2). What is the highest common divisor of u and t?
9
Let t = -3 - 0. Let p = t + 9. Suppose 0 = -3*y - 3*d, 3*y - 26*d + 22*d = 14. What is the highest common factor of p and y?
2
Suppose -17*u + 444 = -13*u. Calculate the greatest common divisor of 148 and u.
37
Suppose r + 5*n - 10 = 4*r, -3*n = 2*r - 6. Suppose -3*w + 4*g + 14 = -0*w, r = -w - g + 14. Calculate the highest common divisor of w and 70.
10
Let p(g) = g**2 + 2*g - 4. Let j be p(-4). Suppose 4*x = -5*z - 71 - 22, j*x + 83 = -3*z. Let a = 0 - x. What is the greatest common factor of a and 17?
17
Let i(t) = -15*t**3 - 2*t**2 - t + 2. Suppose 4 = 4*a + 12. Let y be i(a). Let x = y + -62. What is the greatest common factor of x and 9?
9
Let j(o) = -30*o. Let f be (-24)/(-1 - 3) + -3. Suppose 4*l - f*l + 3 = 0. Let y be j(l). What is the greatest common divisor of 10 and y?
10
Let k(g) = -g - 1. Let u be k(-5). Suppose u*t - 15 = w - 4, -31 = 5*w + 4*t. Let h = w + 12. What is the highest common factor of h and 55?
5
Suppose -5 = m, u + m = -1 - 0. Suppose q = -u*q + 180. Let f be 2/(-9) + 548/q. What is the greatest common factor of f and 120?
15
Let b(g) = -114*g**3 - g**2 + 5*g + 4. Let m be b(-1). What is the greatest common divisor of m and 80?
16
Let y(a) = a**3 + 3*a**2 - 10*a - 1. Let z be y(-5). Let d be (-3 - (-60)/3) + 0 - z. What is the highest common divisor of d and 2?
2
Let o be (3/(-2))/(21/868). Let h = o - -63. Calculate the greatest common divisor of h and 7.
1
Suppose -7*r - 6*r + 104 = 0. Let h(y) = -3*y + 14. Let l = 2 + -8. Let m be h(l). What is the highest common divisor of r and m?
8
Suppose 4 = 8*h - 12. Suppose 0 = h*n - 5*n + 3*o + 72, 5*n - 132 = -o. Calculate the highest common factor of 13 and n.
13
Suppose -3*r + 5 = -1. Suppose -4*s = 89 - 93, -8*s + 84 = 2*h. Calculate the highest common divisor of r and h.
2
Suppose 0 = -4*w - 1377 + 281. Let z = w + 391. What is the greatest common divisor of 13 and z?
13
Let b(w) = w**2 - 23*w - 87. Let g be b(27). What is the greatest common factor of 12 and g?
3
Let m = -64 + 35. Let l = 44 + m. What is the highest common divisor of l and 15?
15
Let s be (1 - (-20)/(-12))/((-2)/9). Let c = 36 + -15. What is the greatest common factor of c and s?
3
Let k = 1 - -2. Suppose -72 - 118 = -p - 4*u, 4*p + k*u - 734 = 0. Let t be 26*((-45)/7